digit of 2130520854?
4
What is the ten millions digit of 320315199?
2
What is the ten thousands digit of 1432974294?
7
What is the millions digit of 45812048?
5
What is the tens digit of 63408443?
4
What is the tens digit of 68349081?
8
What is the units digit of 56337015?
5
What is the hundred millions digit of 156918953?
1
What is the hundred thousands digit of 193896295?
8
What is the thousands digit of 22036488?
6
What is the units digit of 66636012?
2
What is the tens digit of 4969938853?
5
What is the units digit of 717845143?
3
What is the thousands digit of 456200419?
0
What is the hundred thousands digit of 270297965?
2
What is the tens digit of 407926538?
3
What is the millions digit of 33528958?
3
What is the hundred thousands digit of 476854271?
8
What is the ten thousands digit of 5933719996?
1
What is the tens digit of 101272470?
7
What is the ten millions digit of 7494487803?
9
What is the tens digit of 3997619610?
1
What is the ten millions digit of 168141953?
6
What is the hundreds digit of 43518592?
5
What is the millions digit of 73707935?
3
What is the units digit of 20172945?
5
What is the hundred millions digit of 152655392?
1
What is the ten thousands digit of 775406308?
0
What is the millions digit of 26244069?
6
What is the tens digit of 307654331?
3
What is the ten millions digit of 312533890?
1
What is the hundreds digit of 259689681?
6
What is the hundred thousands digit of 51556294?
5
What is the ten millions digit of 884804199?
8
What is the units digit of 1969685196?
6
What is the hundred millions digit of 713287949?
7
What is the hundreds digit of 871494552?
5
What is the ten thousands digit of 1671149282?
4
What is the ten millions digit of 2085910459?
8
What is the ten millions digit of 38837062?
3
What is the ten millions digit of 46156182?
4
What is the ten thousands digit of 34803904?
0
What is the hundred millions digit of 399590587?
3
What is the ten thousands digit of 1919978646?
7
What is the ten thousands digit of 139923270?
2
What is the units digit of 57053103?
3
What is the billions digit of 1818065615?
1
What is the tens digit of 38545715?
1
What is the thousands digit of 690691335?
1
What is the units digit of 9214406?
6
What is the hundred millions digit of 126541704?
1
What is the hundred millions digit of 2146150533?
1
What is the ten thousands digit of 141412980?
1
What is the thousands digit of 228869135?
9
What is the ten thousands digit of 1422013186?
1
What is the ten millions digit of 2383818747?
8
What is the hundred millions digit of 214856691?
2
What is the ten thousands digit of 28584335?
8
What is the hundred thousands digit of 32876049?
8
What is the hundreds digit of 79080452?
4
What is the thousands digit of 36652034?
2
What is the hundreds digit of 103732841?
8
What is the ten millions digit of 15650573?
1
What is the ten millions digit of 2012870236?
1
What is the thousands digit of 142804489?
4
What is the units digit of 65674769?
9
What is the thousands digit of 509876?
9
What is the hundreds digit of 3331516300?
3
What is the ten millions digit of 765589297?
6
What is the millions digit of 96658393?
6
What is the hundreds digit of 1935958625?
6
What is the thousands digit of 134704408?
4
What is the millions digit of 34501006?
4
What is the units digit of 62047461?
1
What is the tens digit of 9137960?
6
What is the tens digit of 245575384?
8
What is the millions digit of 3011900451?
1
What is the units digit of 531713033?
3
What is the millions digit of 128357604?
8
What is the ten millions digit of 94662563?
9
What is the thousands digit of 101992388?
2
What is the thousands digit of 4518957?
8
What is the hundred millions digit of 393292430?
3
What is the thousands digit of 1762472?
2
What is the ten millions digit of 984799984?
8
What is the hundred thousands digit of 161993169?
9
What is the ten thousands digit of 2792399366?
9
What is the hundreds digit of 846355?
3
What is the ten thousands digit of 530645168?
4
What is the ten thousands digit of 2912142900?
4
What is the hundred thousands digit of 99087514?
0
What is the hundred thousands digit of 2468667035?
6
What is the units digit of 15211531?
1
What is the units digit of 276928985?
5
What is the ten thousands digit of 3418451482?
5
What is the ten thousands digit of 22395022?
9
What is the tens digit of 122447446?
4
What is the hundred thousands digit of 132121056?
1
What is the ten thousands digit of 14615845?
1
What is the ten thousands digit of 425599580?
9
What is the ten thousands digit of 252915637?
1
What is the tens digit of 135797067?
6
What is the hundred thousands digit of 4861524561?
5
What is the thousands digit of 943037?
3
What is the hundred thousands digit of 40214677?
2
What is the units digit of 4565712423?
3
What is the hundred thousands digit of 6867914?
8
What is the ten millions digit of 84628670?
8
What is the units digit of 248324750?
0
What is the ten millions digit of 394730536?
9
What is the billions digit of 7966093812?
7
What is the thousands digit of 20123126?
3
What is the thousands digit of 28418614?
8
What is the thousands digit of 7892281?
2
What is the hundreds digit of 1711753495?
4
What is the tens digit of 626587862?
6
What is the thousands digit of 58009553?
9
What is the ten millions digit of 859625475?
5
What is the hundred thousands digit of 5289866?
2
What is the hundred millions digit of 117329116?
1
What is the ten thousands digit of 8582022750?
2
What is the units digit of 585043490?
0
What is the tens digit of 1131939589?
8
What is the units digit of 261007304?
4
What is the hundreds digit of 359095901?
9
What is the hundred thousands digit of 3490005104?
0
What is the units digit of 1642827741?
1
What is the hundreds digit of 542570562?
5
What is the billions digit of 3054246980?
3
What is the hundreds digit of 926420303?
3
What is the thousands digit of 61903187?
3
What is the hundred thousands digit of 129085292?
0
What is the tens digit of 139525324?
2
What is the ten millions digit of 18270906?
1
What is the units digit of 5949474856?
6
What is the hundred thousands digit of 37889603?
8
What is the ten thousands digit of 1465623039?
2
What is the millions digit of 4287145330?
7
What is the ten millions digit of 724721375?
2
What is the hundred thousands digit of 5347083521?
0
What is the ten millions digit of 499237061?
9
What is the ten millions digit of 36484055?
3
What is the millions digit of 77506401?
7
What is the ten millions digit of 1555030824?
5
What is the hundreds digit of 246856302?
3
What is the tens digit of 1260183315?
1
What is the ten millions digit of 482744216?
8
What is the ten millions digit of 1896119433?
9
What is the units digit of 49169098?
8
What is the ten thousands digit of 181113300?
1
What is the hundreds digit of 712259818?
8
What is the tens digit of 362483555?
5
What is the hundreds digit of 94006272?
2
What is the hundreds digit of 444369173?
1
What is the thousands digit of 52353614?
3
What is the hundred thousands digit of 186082468?
0
What is the hundreds digit of 609500797?
7
What is the units digit of 162523685?
5
What is the millions digit of 34425005?
4
What is the hundreds digit of 148067583?
5
What is the ten thousands digit of 343256856?
5
What is the ten thousands digit of 1499526558?
2
What is the hundreds digit of 8568281930?
9
What is the units digit of 421148060?
0
What is the units digit of 5843621847?
7
What is the billions digit of 4472662405?
4
What is the units digit of 63897700?
0
What is the hundred thousands digit of 7170543850?
5
What is the hundreds digit of 144782742?
7
What is the millions digit of 269992540?
9
What is the units digit of 990491401?
1
What is the ten thousands digit of 227490345?
9
What is the hundred millions digit of 998240991?
9
What is the hundred thousands digit of 24656689?
6
What is the units digit of 37459277?
7
What is the hundred thousands digit of 574923406?
9
What is the tens digit of 226089238?
3
What is the thousands digit of 715311570?
1
What is the tens digit of 28114341?
4
What is the hundreds digit of 116976948?
9
What is the ten thousands digit of 771054282?
5
What is the thousands digit of 219107153?
7
What is the millions digit of 13831531?
3
What is the units